= 172. Let m(z) = 8*z - 4. Let p be m(4). Let c = p + 4. What is the highest common divisor of c and h?
16
Suppose -5*s + 145 = 3*u, 3*s - u - 39 = 34. What is the highest common divisor of 208 and s?
26
Let u(p) = p**3 - 4*p**2 - 4*p - 3. Let l be u(5). Suppose l*d - 231 = 59. Let m be d/1 + -1 - 0. What is the highest common divisor of m and 16?
16
Suppose -7 = -2*z + 11. Calculate the greatest common divisor of 45 and z.
9
Let d be 2/(-5) + 3/(90/2712). Let p = -3 + 6. Let u = 15 + p. Calculate the highest common divisor of u and d.
18
Suppose 2*o - 3*d = 129, 3*d - 333 = -0*o - 5*o. What is the greatest common divisor of 6 and o?
6
Suppose -5*s + 2*g = -110, -2*g + 95 = 4*s - 5*g. Suppose x = 3*b + 17 + s, -x + 5*b = -35. What is the greatest common factor of 60 and x?
20
Let r(v) = -11*v + 10. Let h be r(-8). Let x be 2/(2 - 192/h). What is the highest common factor of x and 7?
7
Let d(g) = g**2 + 7*g + 15. Let v(z) = -4*z + 6. Let m be v(3). Let j be d(m). Calculate the highest common factor of j and 36.
9
Let x be 60/9*12/(-10). Let f = x + 18. Calculate the greatest common factor of 110 and f.
10
Suppose -2*m - 3*m = -15, 0 = -4*o - 2*m + 38. Calculate the highest common divisor of o and 24.
8
Suppose 3*g - 3*f - 14 = 2*f, 10 = 2*f. Let s = 27 - g. Calculate the greatest common factor of 98 and s.
14
Let j(p) = 5*p - 7. Let z be j(4). What is the highest common divisor of 13 and z?
13
Let b be ((-550)/30)/((-2)/6). What is the highest common factor of b and 5?
5
Suppose 4*t - 44 = 76. Let y be (-2)/4*-158 + -4. Calculate the highest common factor of y and t.
15
Suppose 4*m + 4*l = -45 + 13, 0 = -l - 3. Let p = 6 + m. Let z be (-1)/((-2)/9)*2. What is the greatest common factor of z and p?
1
Let l(q) = 22*q**2 - q - 2. Let x be l(-1). Calculate the highest common divisor of x and 231.
21
Let i(t) = -4*t - t - 5 + t + 3. Let s be ((-1)/2)/(3/12). Let a be i(s). Calculate the highest common factor of 66 and a.
6
Let p = 92 + -7. Calculate the greatest common factor of p and 34.
17
Suppose -2*g = -3*g + 2. Let z = 6 - 3. Suppose -3*x + 0*a + 10 = -2*a, 0 = z*x - a - 8. Calculate the greatest common divisor of g and x.
2
Let k(r) = -2*r. Let v be k(-6). Suppose 2*u - 22 - v = -s, 0 = 4*s - 3*u - 114. Calculate the highest common factor of s and 10.
10
Suppose 3*u - u - 4*v - 112 = 0, 0 = -u + 3*v + 56. Let b be (26/5)/(4/140). Let a = b - u. Calculate the greatest common factor of 14 and a.
14
Let n be (19 - 21)/(61/(-30) - -2). What is the greatest common divisor of 45 and n?
15
Let m(b) = -12*b + 1. Let x be m(-3). Let s = 61 - x. Suppose -3*d + 5 - 59 = -3*l, -5*l = d - 78. Calculate the highest common divisor of s and l.
8
Let o(h) = h**3 + 3*h**2 - h + 4. Let j be o(-3). Let t be (-1212)/(-5) + (-6)/(-10). Suppose -4*x + t = -9. Calculate the greatest common divisor of x and j.
7
Let i(a) = -12*a - 22. Let s be i(-7). What is the highest common divisor of 31 and s?
31
Let i = -88 - -246. Let p = i + -48. What is the highest common factor of p and 10?
10
Let z(q) = 6*q - 35. Let t be z(8). What is the highest common factor of t and 26?
13
Suppose 0*y - 2*y + 10 = 0. Suppose -2*w = -19 - 21. Suppose w = y*u - 10. Calculate the greatest common divisor of 18 and u.
6
Let h = 28 + -18. Suppose -5*z = -3*p - 35, -4*z = 2*p + 3*p - 65. Calculate the greatest common factor of h and z.
10
Let i be 4/24 - (-861)/18. What is the greatest common divisor of 8 and i?
8
Let h(g) = -19*g - 2. Let b be h(-2). Let y = 1 - -2. Suppose s - y*s = -24. Calculate the highest common divisor of s and b.
12
Suppose 17*v + 90 = 20*v. Calculate the greatest common divisor of 45 and v.
15
Let s(h) = -h**2 + h + 11. Let n be s(0). Calculate the highest common divisor of 11 and n.
11
Suppose -82 + 70 = -2*b. Let o be (-13)/(-4) - 1/4. Suppose 84 = o*t + 3*f, 3*t - 64 = 4*f - 2*f. What is the greatest common divisor of t and b?
6
Let y be (10/(-4))/(2/(-12)). Suppose y = h + 2*h. What is the highest common divisor of 50 and h?
5
Let y be 5 - 2/(-1 - -3). Let x(c) = c**3 + 7*c**2 + 4*c + 1. Let o be x(-3). Let j = 53 - o. What is the greatest common divisor of j and y?
4
Suppose n - 12 = -3*n. Suppose 49 = n*y - 14. Suppose 3*b - y = c + 2*c, c + 5 = 0. Calculate the greatest common factor of b and 8.
2
Suppose -5*w + 290 - 80 = 0. Calculate the greatest common factor of 6 and w.
6
Suppose 0*m + 448 = 2*m. Suppose j - 16 = -3*a, 8*a - 92 = -4*j + 3*a. What is the greatest common divisor of j and m?
28
Let a be ((-6)/4)/((-33)/3388). What is the highest common factor of a and 14?
14
Suppose -a - 2*a + 14 = f, 0 = 2*f + 2*a - 16. Calculate the highest common factor of f and 5.
5
Let j = 39 + -28. What is the greatest common divisor of 77 and j?
11
Let n(o) = 13*o**2 + 3*o - 1. Let s be n(4). Suppose 106 = 5*q - s. What is the greatest common divisor of q and 13?
13
Suppose -640 + 68 = -4*s. Suppose 5*a = -107 - s. Let d = a + 110. What is the highest common divisor of 24 and d?
12
Suppose 0 = -3*u - 0*u - 465. Let l = u + 295. What is the greatest common factor of l and 28?
28
Let g = 4 - 3. Let y be -2 + g*(2 - -14). Let w be 32/y - 10/35. Calculate the highest common factor of 16 and w.
2
Let h = 128 + -83. Let f(l) = 2*l**2 - 4*l - 1. Let u be f(3). Suppose -u*g + 2*g = -h. Calculate the greatest common factor of 105 and g.
15
Let a be 8/(-10) - (-6)/((-180)/(-834)). What is the greatest common divisor of a and 54?
27
Suppose -5*h - 14 + 96 = v, 3*h = -v + 48. Suppose 5*l - 9 + 4 = 0. Let x(w) = 18*w**2 - w. Let r be x(l). What is the highest common factor of h and r?
17
Suppose 2*q = -i + 103, 0 = -2*q - 5*i - 39 + 138. Calculate the greatest common factor of 13 and q.
13
Suppose -17*a + 12*a + 85 = 0. What is the greatest common divisor of a and 170?
17
Suppose 0*s - 24 = -3*s. Calculate the highest common factor of 28 and s.
4
Let k = -7 + 12. What is the highest common divisor of 2 and k?
1
Suppose 4*n = 5 + 19. What is the highest common divisor of n and 4?
2
Suppose 7*g - 98 = -0*g. What is the greatest common factor of 14 and g?
14
Suppose 3*h - 11 = -2*p, 4*h = 5*p - 0*p + 53. What is the greatest common factor of 56 and h?
7
Let i(j) = -11*j + 54. Let p be i(-14). Calculate the highest common factor of 13 and p.
13
Suppose 3*d + 119 = 4*r, 5*r - d - 169 = -4*d. Let j = 9 - 5. Calculate the greatest common factor of j and r.
4
Suppose -5*p + 0*p + 8 = 4*n, 2*p = -2*n + 4. Let o be (-2 + n + 1)*-1. Let u be 0 - -27*(o - -7). What is the highest common divisor of 18 and u?
18
Suppose 3*x + 21 = 3*t, 14 + 11 = -3*x - t. Let n = 6 - x. Calculate the greatest common factor of n and 14.
14
Let g(n) = 2*n**2 + 3*n - 3. Let a(s) = -s + 10. Let x be a(7). Let m be g(x). What is the greatest common factor of m and 36?
12
Suppose 2*r - r = y + 20, 4*y + 48 = 2*r. Calculate the greatest common factor of 2 and r.
2
Let p = -2 - -4. Suppose -q = -p*q + 96. Calculate the highest common factor of 12 and q.
12
Let q(d) = d**2 + 4*d - 1. Let w be q(-6). Let v be 1*2/(8/(-84)). Let x = 100 - v. What is the highest common factor of w and x?
11
Let u be 3 - 2 - (-1 + -1)/2. What is the greatest common factor of 7 and u?
1
Let l = 20 - 18. Suppose -3*a + 5 = -4*a, l*d + 2*a = 36. What is the highest common divisor of 115 and d?
23
Let n = -31 - -51. Let h(j) = 2*j - 6. Let c be h(5). Suppose -a + 10 = -3*w, -3*a + 34 = 5*w + c. Calculate the highest common divisor of a and n.
10
Let t(s) = s**2 + 10*s + 25. Let v be t(-8). Let n be (-11)/(1 + (-2)/3). Let c = n - -114. What is the highest common factor of v and c?
9
Let u(z) = z**2 + 2*z + 2. Suppose -h = -4*h + 9. Let i be -6*(0 - h/6). Let x be u(i). Calculate the greatest common divisor of 187 and x.
17
Let i = -34 - 30. Let t be -100*-1*(1 + 0). Let n = i + t. Calculate the highest common factor of 4 and n.
4
Suppose -4*n + 210 = 26. Calculate the greatest common factor of 23 and n.
23
Suppose n - 20 = -4*n. Suppose 0 = 3*t - 2*g - 41, t - n*g = 3*t - 38. What is the highest common divisor of t and 120?
15
Let h be (-78)/(-8) - (-4 + 60/16). What is the highest common divisor of h and 4?
2
Suppose 5*d - 80 = d. Suppose -n + d = n. Suppose -6*t + t = -n. What is the highest common divisor of 16 and t?
2
Suppose l + 0*l - 3